mine h(-5).
-5
Let k(l) = -3*l - 31. What is k(-12)?
5
Let q(b) = 5*b + 53. Determine q(-14).
-17
Let i(o) = 44*o + 6. Give i(-1).
-38
Let u(n) = 21*n + 103. Give u(-5).
-2
Let y(x) = -x**3 - 10*x**2 + 10*x - 6. What is y(-11)?
5
Let t(j) = 2*j**2 - j. What is t(2)?
6
Let z(s) = -s**3 - 4*s**2 - 6*s - 5. Calculate z(-3).
4
Let j(v) = -173*v + 1029. Calculate j(6).
-9
Let m(l) = 15*l + 19. Calculate m(11).
184
Let p(f) = -2*f - 26. What is p(-13)?
0
Let j(a) = 2*a**3 - 105*a**2 + 54*a - 110. Give j(52).
-6
Let o(m) = -11*m**2 + m + 1. What is o(1)?
-9
Let o(x) = x + 1. Determine o(-3).
-2
Let o(q) = 5*q**2 - 95*q - 6. Calculate o(19).
-6
Let s(i) = 109*i + 204. Give s(-2).
-14
Let l(w) = w**2 - 67. Calculate l(8).
-3
Let h(p) = -p**2 + p + 2. Give h(-2).
-4
Let p(r) = r**3 - 23*r**2 - 26*r + 42. Give p(24).
-6
Let t(o) = -o**2 + 17*o - 36. Calculate t(16).
-20
Let i(m) = m**2 - 31*m - 187. Calculate i(-5).
-7
Let b(u) = -u**3 + 6*u**2 + 8*u - 19. Give b(7).
-12
Let n(f) = -8*f + 73. Calculate n(7).
17
Let l(o) = 2*o - 5. Give l(6).
7
Let h(p) = -8*p + 8. Give h(6).
-40
Let y(k) = k**3 - 8*k**2 - k - 8. Give y(8).
-16
Let p(t) = t**3 + 7*t**2 - 24*t + 7. Calculate p(-8).
135
Let t(o) = o**3 - 15*o**2 + 13*o + 26. What is t(14)?
12
Let o(f) = -8*f + 62. What is o(9)?
-10
Let m(c) = 5*c**2 - 14*c + 17. Calculate m(3).
20
Let c(q) = -q**2 + 17*q + 12. What is c(18)?
-6
Let p(i) = i**2 - 19*i + 79. Determine p(10).
-11
Let k(g) = -124*g - 127. Give k(-1).
-3
Let h(b) = 5*b + 10. What is h(-11)?
-45
Let c(h) = h - 8. Give c(-7).
-15
Let g(d) = 3*d**2 - 19*d + 27. Give g(5).
7
Let q(c) = 10*c + 22. Calculate q(-3).
-8
Let a(v) = -v**3 + 16*v**2 - 15*v + 34. What is a(15)?
34
Let v(y) = -y - 35. Give v(-23).
-12
Let v(u) = 3*u + 2. What is v(0)?
2
Let a(h) = -h**2 + 13*h + 49. Give a(13).
49
Let o(n) = 2*n - 7. What is o(-5)?
-17
Let l(x) = -x**2 - 9*x + 12. Calculate l(-10).
2
Let x(v) = 2*v + 5. Determine x(-6).
-7
Let u(s) = 2*s + 7. Give u(3).
13
Let s(p) = -p**2 + 9*p + 94. What is s(15)?
4
Let m(d) = 17*d - 33. What is m(5)?
52
Let m(x) = 4*x**3 - 2*x**2 - 2*x - 1. Calculate m(-1).
-5
Let s(q) = 16*q + 351. Give s(-23).
-17
Let b(a) = 7*a - 72. Determine b(10).
-2
Let n(p) = 24*p - 2. Determine n(-1).
-26
Let l(w) = -w**3 + 20*w**2 + 2*w + 25. Calculate l(20).
65
Let n(w) = 13*w + 685. Give n(-53).
-4
Let u(l) = l**2 - 20*l + 23. What is u(20)?
23
Let j(p) = -3*p + 17. Determine j(8).
-7
Let k(c) = -c**2 + 3*c + 2. Calculate k(5).
-8
Let r(p) = p**3 + 1. Give r(1).
2
Let s(b) = -b**2 - 6*b - 4. What is s(-4)?
4
Let o(r) = 3*r - 85. What is o(25)?
-10
Let f(m) = m**3 - 5*m**2 - m - 2. Determine f(6).
28
Let u(v) = -3*v - 140. Give u(-42).
-14
Let j(r) = 7*r**2 - 118*r - 27. Give j(17).
-10
Let f(m) = -m - 13. What is f(5)?
-18
Let y(v) = v**3 - 16*v**2 + 11*v + 25. Determine y(15).
-35
Let i(j) = j**3 + 14*j**2 + 42*j + 13. Calculate i(-10).
-7
Let t(i) = 3*i - 18. Give t(-10).
-48
Let j(r) = 33*r**2 - r + 1. Determine j(1).
33
Let i(l) = 2*l**3 - 48*l**2 + 3. Determine i(24).
3
Let j(b) = -3*b + 22. Give j(10).
-8
Let u(x) = x**2 + 19*x - 30. Give u(-13).
-108
Let o(i) = -i**3 + 3*i**2 + 2*i - 7. What is o(3)?
-1
Let p(a) = 7*a**3 - 4*a**2 - 9*a - 5. What is p(-2)?
-59
Let n(d) = d**3 - 17*d**2 - 16*d - 34. Give n(18).
2
Let t(w) = -2*w + 2. Give t(-1).
4
Let y(w) = w**3 - 31*w**2 + 22*w + 255. Give y(30).
15
Let m(s) = s + 2. What is m(-5)?
-3
Let m(g) = g**2 + 10*g - 13. Calculate m(-7).
-34
Let k(o) = 8*o - 35. What is k(4)?
-3
Let p(v) = -v**3 + 6*v**2 - 2*v + 9. Give p(6).
-3
Let d(y) = -5*y**2 - 24*y + 1. Determine d(-5).
-4
Let y(k) = -23*k + 5. Determine y(-5).
120
Let d(w) = -w**3 - 18*w**2 - 19*w - 23. Give d(-17).
11
Let o(k) = -k**3 + k**2 - 3*k - 5. Give o(-3).
40
Let n(p) = 2*p - 14. Give n(6).
-2
Let d(t) = t**3 - 7*t**2 - 4*t - 9. Calculate d(7).
-37
Let x(r) = 2*r**3 + 5. Give x(0).
5
Let u(s) = s - 8. Give u(11).
3
Let h(i) = i**3 - 7*i**2 - 2*i + 9. Give h(7).
-5
Let b(i) = i**3 - 6*i**2 + 8*i - 10. Calculate b(4).
-10
Let l(f) = -6*f**2 - 9*f + 25. Give l(3).
-56
Let k(i) = -i**3 + 2*i**2 - 2*i - 1. What is k(3)?
-16
Let v(u) = -3*u - 1. What is v(-3)?
8
Let i(h) = -h**2 - 8*h - 20. Give i(-12).
-68
Let r(q) = 26*q**2 - 5*q + 9. What is r(2)?
103
Let j(g) = g**3 - 7*g**2 + 6*g + 4. What is j(7)?
46
Let r(l) = -6*l + 8. Give r(-4).
32
Let s(d) = 4*d**2 + 2*d - 2. What is s(2)?
18
Let v(c) = 94*c - 292. Calculate v(3).
-10
Let y(s) = 72*s + 61. What is y(-1)?
-11
Let t(i) = -i**2 - 21*i + 32. Determine t(-21).
32
Let s(g) = g**2 - 4*g - 28. Calculate s(6).
-16
Let v(a) = -a**3 - 6*a**2 - 10*a - 112. Calculate v(-7).
7
Let m(g) = 3*g - 3. What is m(7)?
18
Let c(k) = -84*k**3 - k**2 - 2*k - 2. Calculate c(-1).
83
Let i(o) = -3*o**2 + 6*o + 1. Give i(3).
-8
Let y(q) = -q + 4. Give y(8).
-4
Let c(z) = 3*z**2 - 51*z + 10. Give c(17).
10
Let k(q) = -q**3 - 12*q**2 - 16*q + 36. Calculate k(-10).
-4
Let l(p) = 3*p + 4. Determine l(-3).
-5
Let a(c) = 10*c + 9. Calculate a(-2).
-11
Let z(k) = 2*k**3 - k**2 + 5*k + 7. Give z(0).
7
Let w(t) = -23*t - 57. Give w(-6).
81
Let a(t) = 7*t**3 + 8*t - 21. Give a(2).
51
Let u(l) = -l**3 + 3*l**2 - 2*l - 1. Determine u(2).
-1
Let y(v) = -v**3 + 9*v**2 - 10*v + 22. Give y(8).
6
Let d(n) = -38*n - 499. What is d(-13)?
-5
Let x(r) = -2*r + 21. Give x(11).
-1
Let i(g) = -g**2 - 4*g + 22. Give i(-7).
1
Let o(g) = g**2 + 14*g + 34. Give o(-5).
-11
Let a(b) = b**2 + b + 3. Give a(6).
45
Let j(u) = 6*u**2 + 42*u - 3. Give j(-7).
-3
Let b(m) = m**2 + 3*m - 2. What is b(3)?
16
Let q(y) = y**3 + 3*y**2 + 8*y - 2. What is q(-4)?
-50
Let d(m) = m**3 + 3*m + 9. Calculate d(0).
9
Let d(b) = 5*b - 74. What is d(14)?
-4
Let l(g) = 11*g**2 - 2*g - 1. Give l(2).
39
Let q(n) = -5*n**2 - 2*n + 7. Give q(3).
-44
Let p(h) = -4*h - 5. What is p(-6)?
19
Let t(x) = x**3 - 51*x**2 + 52*x - 99. What is t(50)?
1
Let k(o) = o. Determine k(10).
10
Let k(o) = o**2 + 3*o - 20. Give k(-6).
-2
Let t(m) = -4*m**2 + 8*m - 10. What is t(2)?
-10
Let i(v) = 13*v - 7. Calculate i(0).
-7
Let x(c) = -c + 2. Calculate x(6).
-4
Let h(o) = -o**2 + 12*o - 40. What is h(5)?
-5
Let v(q) = q**2 - 3*q - 2. Determine v(-2).
8
Let t(u) = 3*u + 36. Calculate t(-20).
-24
Let c(s) = -s - 4. Calculate c(-15).
11
Let k(n) = -n**3 - 9*n**2 + 3*n + 3. Give k(-9).
-24
Let b(v) = v**3 - 7*v**2 + 6*v - 22. What is b(7)?
20
Let y(j) = -j**3 + 6*j**2 - 7*j + 16. Give y(6).
-26
Let k(v) = v**3 - 20*v**2 + 53*v - 12. What is k(17)?
22
Let f(y) = y**3 + 4*y**2 + 6*y + 1. Calculate f(-2).
-3
Let t(f) = f**2 + 11*f - 4. Calculate t(-15).
56
Let x(m) = -m**3 + 3*m**2 - 4. Determine x(2).
0
Let a(c) = -c**2 + 10*c - 2. What is a(10)?
-2
Let w(h) = -h**2 + 16*h - 20. Calculate w(10).
40
Let d(l) = l - 14. Calculate d(17).
3
Let k(u) = 2*u**2 - 23*u + 2. Give k(12).
14
Let r(i) = -i**3 + 3*i**2 + 5*i + 1. Calculate r(4).
5
Let h(j) = j + 2. Give h(1).
3
Let s(t) = t**3 + 4*t**2 + 4*t + 9. Determine s(-3).
6
Let q(j) = -4*j**3 - 5*j**2 + 6. Give q(-3).
69
Let w(g) = 3*g + 12. Determine w(7).
33
Let k(z) = 2*z**3 - 16*z**2 - z - 13. Give k(8).
-21
Let o(x) = -x**3 - 9*x**2 + 14*x + 8. Determine o(-10).
-32
Let h(p) = -p**3 + 10*p**2 + 11*p + 1. Give h(11).
1
Let v(f) = -2*f**3 + 104*f**2 - 3*f + 150. Determine v(52).
-6
Let k(j) = j**2 - 3. Determine k(-3).
6
Let x(l) = 2*l**2 - 5. Give x(4).
27
Let l(t) = 4*t + 2. Calculate l(-15).
-58
Let x(r) = r**3 - 4*r**2 - 1. Give x(3).
-10
Let x(i) = -i**2 - 5*i - 4. Determine x(-2).
2
Let v(z) = -z**3 + 3*z**2 + 2*z - 8. What is v(4)?
-16
Let f(b) = b**3 + 5*b**2 + 3*b + 1. What is f(-2)?
7
Let r(t) = -49*t - 19. Give r(-1).
30
Let u(i) = -22*i. Determine u(-1).
22
Let z(h) = h**2 + 12*h + 13. What is z(-11)?
2
Let q(r) = -23*r + 114. What is q(5)?
-1
Let y(n) = -35*n - 33. Calculate y(-1).
2
Let r(u) = -u**3 + 29*u**2 + 33*u - 66. Determine r(30).
24
Let n(f) = -5*f + 2. Calculate n(5).
-23
Let i(s) = -2*s + 3. Calculate i(5).
-7
Let y(o) = -o**2 + 11*o - 25. Determine y(9).
-7
Let g(y) = -48*y**2 - 9*y - 7. Determine g(-1).
-46
Let i(a) = -a**2 - 8*a - 5. Calculate i(-3).
10
Let m(u) = -u**2 - 4*u + 5. Determine m(-5).
0
Let g(w) = -4*w - 2. Determine g(5).
-22
Let h(n) = n**2 - 14*n + 9. Determine h(14).
9
Let q(f) = -f**2 